(15). Let x(m) = 53*m - 16 - m**2 - k*m - 12. Let p be x(19). What is the greatest common divisor of p and 34?
34
Let m be (-66)/99 - (-2)/3. Suppose 2*z - 6*z - 4*k + 52 = m, z + 11 = 5*k. Calculate the highest common factor of z and 3.
3
Let u = 2505 - 2489. Calculate the greatest common divisor of u and 33.
1
Suppose 108 = 2*d + 2*d. Let f(x) = x**2 - 13*x + 20. Let i(h) = 1. Let y(v) = -f(v) + 2*i(v). Let w be y(9). What is the greatest common factor of w and d?
9
Suppose b = -5*q - 0*b + 103, -4*q + b + 86 = 0. Suppose 12*h + 324 = q*h. What is the highest common factor of 108 and h?
36
Let n be ((-4)/(-6))/((-6146)/(-1230) + -5). Let p = 213 + n. Calculate the highest common divisor of 256 and p.
8
Suppose -3*s + 3*b = 18, 3*b = 5*s + 11 + 13. Let g be s - -1*(9 + 1). Suppose -2*o = 11*o - 455. What is the highest common factor of g and o?
7
Let h(s) = 4*s**3 - 7*s**2 + 13*s - 1. Suppose -1 = w + 5*u, -2*u + 7*u + 25 = 5*w. Let m be h(w). Calculate the highest common divisor of m and 520.
65
Let b = -12429 + 12968. Calculate the greatest common divisor of b and 11.
11
Let a = 48 + -31. Suppose -z + 17 = -r - a, -4*r = -5*z + 169. Let c be (-15)/(-35) - (-2 + 907/(-7)). What is the greatest common divisor of c and z?
33
Let a(g) = -g**2 - 18*g + 1. Suppose -4*d + 2*t = 34, 25 = -2*d - 3*t - 12. Let v be a(d). Calculate the greatest common factor of 18 and v.
6
Suppose -g - 13 = 5 - 24. Suppose k - 5*z - 339 = 0, 6*k = 2*k + z + 1413. What is the greatest common factor of k and g?
6
Let q = 90 - -94. Let d be (14 + 2912/(-196))*(-14)/(-4)*-8. Calculate the greatest common factor of d and q.
8
Suppose -4*q + 9211 + 10849 = -4*k, 2*k - 15080 = -3*q. What is the highest common factor of 162 and q?
162
Let c(n) = 7*n - 197. Let o be c(31). Suppose -49 = o*u - 1849. Calculate the greatest common factor of 80 and u.
10
Suppose -15 = -2*j + 795. Suppose 16*u - p - 83 = 14*u, 0 = u + 5*p - 80. What is the highest common divisor of j and u?
45
Let p(k) = k**2 + 2*k - 54. Let m be p(7). Let n be 2/9 - m/(-162)*32. What is the greatest common factor of 64 and n?
2
Suppose -3*n = -4*t + 1 - 5, 4*n = -3*t - 3. Let u(s) = 1875 - 1875 - 8*s**3. Let d be u(t). Calculate the greatest common divisor of 72 and d.
8
Let x(r) = -37*r + 3. Let y be x(0). Suppose 57*g - y*g - 11934 = 0. Calculate the highest common factor of 52 and g.
13
Let f be ((-20)/18*3)/((-22)/33). Suppose -2*n + 24 = 4*b - 0, -2*b - 12 = -f*n. Suppose -97 = -b*j + 31. What is the highest common factor of j and 224?
32
Let g be (-2)/(-18)*19796 - -18*(-6)/(-243). Calculate the greatest common divisor of g and 1300.
100
Suppose 0 = 21*z - 28*z + 42. Let o be ((-319)/66)/29 + 7/z. Let p be -2*((-10)/4)/5. Calculate the greatest common divisor of p and o.
1
Let q(l) = 0*l**3 + 0*l - 15 - 22*l**2 + 14*l - l**3 - 5*l + 12*l**3. Let s be q(5). What is the greatest common divisor of s and 90?
45
Suppose 32*i = -36*i + 5780. Suppose 0 = 9*g - 846 - 1143. Calculate the highest common factor of i and g.
17
Let r(l) = -l**2 + 99*l - 1050. Let c be r(84). What is the highest common divisor of c and 2380?
70
Let s(i) = 26*i - 498. Let x be s(21). Suppose -x*y - 502 + 1654 = 0. Calculate the highest common divisor of y and 84.
12
Let f(h) = -9*h + 88*h**2 - 43*h**2 - 34 - 43*h**2. Let r be f(7). Let t be r*(-2)/(-6) + (-190)/(-6). What is the greatest common divisor of t and 80?
16
Let l be (-351)/52*-5*20. Suppose 0 = -8*j - 7*j + l. Calculate the highest common factor of 30 and j.
15
Let c(y) = 4*y - 20. Suppose 2 - 10 = -2*n, 0 = l + n - 12. Let j be c(l). Let g(d) = 16*d - 56. Let z be g(5). Calculate the highest common factor of j and z.
12
Let k(o) = -35*o - 72. Let n be k(-9). Let f = -233 + n. Calculate the greatest common factor of 30 and f.
10
Let x be 91 - (0/2)/1. Let c be (24/(-72))/((-6)/126). Calculate the greatest common factor of c and x.
7
Let b = 7808 + -6876. Calculate the highest common factor of 5359 and b.
233
Suppose -5*i + 11689 = -3*t, 12164 - 2823 = 4*i + t. What is the highest common divisor of i and 32?
32
Let p = 31 - 45. Let u be (-4)/p + (-19)/(-7) + 2. Suppose -3*b = u*l + 1, 3*l - 42 = -4*b + 5*l. Calculate the greatest common factor of 32 and b.
8
Let v be ((-101)/(-202))/(2/2868). What is the highest common factor of v and 51?
3
Suppose -5*k - 2040 = -z, 30*k + 6 = 27*k. What is the greatest common divisor of 56 and z?
14
Let a(p) = 54*p - 769. Let u be a(15). Calculate the highest common factor of u and 410.
41
Let q(m) = -1418*m**3 + 2*m**2 + 26*m + 27. Let y be q(-1). What is the greatest common divisor of y and 203?
203
Let i(o) = -236*o**3 + 6*o**2 - 3*o - 2. Let q(g) = g**2 - 2*g. Let d(u) = i(u) - 2*q(u). Let w be d(-1). Calculate the greatest common divisor of w and 158.
79
Suppose 12*d = 4 + 20. Suppose 0 = -d*i - s + 30, 0 = -2*i - 2*s + 4*s + 36. Calculate the greatest common divisor of i and 104.
8
Suppose -2*j + 239 = 5*i, -3*j = 2*j + 15. Let v = i - 48. Let a be -5 + v - (0 - 18). What is the highest common divisor of a and 35?
7
Suppose 4*n - 47 = -7. Let o be (2/(-8))/((-8)/128). Suppose -h = j - o*j + 268, -3*j + 5*h = -260. Calculate the highest common divisor of n and j.
10
Suppose 3*u - 52 = 2*u. Let l = u - 50. Suppose y - 400 = -l*y + 4*i, -5*i + 492 = 4*y. What is the greatest common factor of y and 32?
32
Suppose 4*u = -5*s + 17176 - 6844, -5*s + 10342 = -u. Suppose -276 = 7*n - s. Calculate the greatest common divisor of n and 32.
32
Let q be (120/7)/(-4 + (-3976)/(-980)). Calculate the highest common factor of q and 948.
12
Suppose 6*b = 27*b - 144 - 528. Calculate the highest common divisor of b and 8608.
32
Let y(v) = v**2 - 10*v - 71. Let c be y(-5). Suppose 2*w - 4*d = 26 + 24, -3*w + 85 = -c*d. Calculate the greatest common divisor of w and 49.
7
Suppose -5*v = b + 15, -v + 0 = 4*b + 3. Suppose b = -5*w + 2*z + 376, -3*w + 288 = 3*z + 54. Calculate the highest common divisor of 608 and w.
76
Suppose 0 = -2*j - 2*s - 46, -2*j - 4*s - 30 - 20 = 0. Let h be 28/j*297/(-6). What is the highest common factor of 12 and h?
6
Let u = -129 + 129. Suppose -8*o - 3*f = -5*o - 90, -2*o + 3*f + 75 = u. Calculate the greatest common divisor of 297 and o.
33
Let t = 264 - 259. Suppose -t*f - 41 = -551. What is the highest common divisor of f and 34?
34
Let q be (-27)/(-5) + 9/15. Suppose -u + q = u. Let z(f) = f + 6. Let x be z(u). What is the greatest common factor of 36 and x?
9
Suppose 2428 = 2*v + 5*w - 5207, 3*w = -v + 3814. What is the highest common factor of 649 and v?
59
Let c be (2 - 50/15)/(3/(-9)). Suppose c*w = -3*u - 60, -u + 24 = -5*w - 32. Let z be (-4)/(-6) + 38*(-2)/w. Calculate the greatest common divisor of 63 and z.
7
Let z be (-32)/40 + 1253/35. Calculate the highest common divisor of z and 2345.
35
Suppose 5*x = -4*d + 3*d + 37, -3*d - 4*x + 56 = 0. Let l be d*(20/9)/4*6. Calculate the highest common factor of 10 and l.
10
Let q = 10236 - 10227. Let z(r) = r**3 - 3*r**2 - 3*r. Let y be z(4). Suppose -107 = -y*u + 361. Calculate the highest common factor of q and u.
9
Suppose 3*j = -572*q + 568*q + 2151, j - 719 = -q. What is the highest common divisor of 8990 and j?
145
Let k(y) = -7*y**3 - 4*y**2 - y - 2. Let o be k(-3). Suppose -3*z = -899 - o. Calculate the greatest common divisor of z and 27.
27
Let v be 2/15 + 37520/(-150) - -5. Let c = v + 253. Suppose 2*g = -5 + 13, -y = 5*g - 28. What is the highest common divisor of y and c?
8
Let n = -10677 - -11447. What is the highest common divisor of 66 and n?
22
Suppose 201 = 5*i - 9. Let w be (3 - 2 - -13)*12/i. Let o be (-96)/(-2*(-6)/(-8)). What is the greatest common divisor of o and w?
4
Let j = -2556 + 2790. Calculate the greatest common divisor of 198 and j.
18
Let p = 2244 - 1562. Suppose 90*r = 89*r + p. Calculate the greatest common divisor of 62 and r.
62
Let v(u) = u**2 + 11*u + 64. Let f be v(-6). Let i be 0 + (815 - (-3)/3). Suppose -17*a = -20*a + i. What is the greatest common divisor of a and f?
34
Let w = -140 + 142. Suppose -w*l - 134 = -140. Calculate the highest common factor of l and 57.
3
Suppose 0 = -5*a + 3*s - 47, -7*a = -3*a - 5*s + 35. Let v(l) = -2*l**2 - 22*l - 11. Let k be v(a). What is the greatest common factor of k and 369?
9
Let n(b) = -3 + 2